17*t + 9. Give b(-16).
25
Let w(d) = 2*d**2 + 23*d - 5. What is w(-12)?
7
Let s(p) = p**2 - p - 24. Give s(6).
6
Let s(b) = -9*b - 6. Calculate s(-2).
12
Let i(j) = j**3 + 2*j**2 + 5. What is i(-3)?
-4
Let t(h) = 2*h**2 - 2*h - 16. Give t(-4).
24
Let r(u) = u**2 - 19*u + 24. Calculate r(18).
6
Let q(i) = 2*i**3 - 3*i**2 + 6*i - 7. Calculate q(2).
9
Let k(h) = -7*h - 27. Give k(-11).
50
Let u(p) = -p**3 - 5*p**2 + 21. Give u(-4).
5
Let c(h) = h + 14. Give c(-9).
5
Let s(y) = -y**3 - 10*y**2 + 11*y + 10. Calculate s(-11).
10
Let b(y) = -y**2 + 2*y + 7. Give b(-5).
-28
Let z(b) = 42*b. Determine z(1).
42
Let f(x) = -x**2 + 7*x - 8. Determine f(7).
-8
Let c(u) = -u**3 - 18*u**2 - 18*u + 13. Determine c(-17).
30
Let d(m) = -6*m + 65. What is d(8)?
17
Let m(f) = -88*f + 63. Give m(1).
-25
Let k(g) = g**3 - g**2 - 3*g + 5. Give k(3).
14
Let m(y) = -y**2 + 5*y. Determine m(4).
4
Let p(n) = 2*n**2 + 10*n - 2. Give p(-7).
26
Let u(g) = -2*g**2 + 16*g + 25. What is u(-2)?
-15
Let j(w) = 2*w**2 - 36*w - 2. Give j(19).
36
Let l(r) = r**3 + 26*r**2 + 49*r + 32. Give l(-24).
8
Let s(a) = -a**3 - 2*a**2 + 15*a. Determine s(-5).
0
Let y(w) = -30*w + 2. Determine y(1).
-28
Let z(i) = i**2 - 29*i + 73. Determine z(26).
-5
Let n(p) = 3*p**2 - 4*p + 4. What is n(1)?
3
Let u(n) = n**2 - 20*n + 2. Calculate u(20).
2
Let q(w) = -9*w + 32. Determine q(3).
5
Let c(n) = 2*n**3 + 33*n**2 - 9*n + 15. What is c(-17)?
-121
Let h(r) = -r**2 + 24*r - 137. Calculate h(10).
3
Let x(a) = 11*a**2 - 13*a - 21. What is x(-2)?
49
Let v(q) = 11*q**2 - 4*q - 4. Determine v(-1).
11
Let m(z) = 5*z**2 + 119*z - 28. Give m(-24).
-4
Let a(u) = u**3 - 2*u**2 - 36*u + 14. Calculate a(7).
7
Let b(j) = 2*j - 53. What is b(18)?
-17
Let q(y) = -y**2 - 24*y - 47. Determine q(-21).
16
Let j(r) = -r**3 + r**2 - 5*r + 3. Give j(0).
3
Let r(y) = -y**3 - 13*y**2 + 17*y + 44. Give r(-14).
2
Let r(b) = -b**2 - 11*b - 65. Determine r(-8).
-41
Let d(m) = -2*m**2 + 9*m - 9. Give d(7).
-44
Let m(c) = c**3 - 17*c**2 + 15*c + 21. Determine m(16).
5
Let f(c) = c + 6. Determine f(0).
6
Let h(j) = j + 2. Give h(-2).
0
Let f(m) = 3*m**2 - 23*m + 2. Give f(7).
-12
Let k(x) = 7*x - 7. Give k(5).
28
Let d(y) = 15*y - 19. Calculate d(2).
11
Let s(n) = -n**2 - 4*n - 5. Determine s(-2).
-1
Let k(p) = p**3 - 4*p - 2. Determine k(-4).
-50
Let l(v) = v**3 + 7*v**2 - 6*v + 12. Calculate l(-8).
-4
Let x(s) = -s**3 - s + 18. Calculate x(0).
18
Let v(j) = j - 9. What is v(3)?
-6
Let w(l) = -l**2 + 3*l + 4. What is w(6)?
-14
Let o(s) = s**2 - 109*s - 814. Give o(-7).
-2
Let h(t) = 4*t**2 - 4*t - 5. Calculate h(-2).
19
Let i(o) = -2*o**2 - 3. What is i(3)?
-21
Let x(z) = 3*z**2 + 5*z - 1. Calculate x(4).
67
Let f(j) = -2*j**3 - 19*j**2 - 7*j + 22. What is f(-9)?
4
Let y(a) = 12*a + 2. Calculate y(-2).
-22
Let q(x) = 2*x - 23. What is q(15)?
7
Let y(d) = 2*d**2 + 28*d + 1. What is y(-9)?
-89
Let x(i) = -i**3 - i**2 + i - 96. What is x(0)?
-96
Let n(g) = -8*g**3 - 2*g - 1. Calculate n(-1).
9
Let b(a) = -a**3 - 3*a**2 + 6*a + 6. Determine b(-4).
-2
Let z(w) = -16*w**3 + w**2 - 1. Calculate z(-1).
16
Let i(l) = 2*l - 21. What is i(6)?
-9
Let g(m) = -2*m + 6. Give g(6).
-6
Let j(s) = 6*s - 1. What is j(-1)?
-7
Let c(x) = -x**3 - 4*x**2 - 3*x - 1. Determine c(-2).
-3
Let h(s) = 2*s. Calculate h(-7).
-14
Let x(d) = -d**3 - 35*d**2 + 35*d - 31. Give x(-36).
5
Let b(f) = -f**3 - 13*f**2 + 12. Give b(-13).
12
Let j(m) = -14*m + 11. Give j(2).
-17
Let v(w) = -w - 29. Give v(23).
-52
Let l(a) = -a**2 + 1. What is l(-3)?
-8
Let o(g) = 3*g**2 + 4*g + 1. Calculate o(-3).
16
Let r(j) = -2*j**3 + 1. What is r(1)?
-1
Let l(w) = -w**3 - 5*w**2 + 2*w + 11. Determine l(-4).
-13
Let p(b) = 2*b**3 + 4*b**2 - 3*b - 7. Give p(-3).
-16
Let k(y) = y**3 - 5*y**2 - 11*y + 11. Calculate k(7).
32
Let f(l) = -6*l**2 - 1. Determine f(1).
-7
Let r(c) = -5*c + 53. What is r(19)?
-42
Let n(q) = 2*q**2 - 14*q - 8. Give n(8).
8
Let p(r) = 4*r + 67. What is p(-14)?
11
Let u(q) = q**3 - 2*q**2 + 6*q - 6. Calculate u(4).
50
Let a(c) = -63*c**2 + 3*c - 2. What is a(1)?
-62
Let z(r) = -r**2 + r + 3. What is z(0)?
3
Let p(q) = 2*q**2 - q - 3. Give p(3).
12
Let z(m) = 6*m + 55. What is z(-3)?
37
Let s(z) = z**3 + 19*z**2 + 2*z + 43. Give s(-19).
5
Let a(z) = z**3 - z**2 + z - 7. Determine a(-3).
-46
Let p(y) = y**3 - 10*y**2 + 7*y - 5. Calculate p(9).
-23
Let s(f) = f**2 - 44*f - 99. Give s(46).
-7
Let j(q) = -q - 1. Calculate j(-1).
0
Let u(j) = -j**3 + j**2 + 2*j + 2. Determine u(-3).
32
Let q(m) = 5*m + 4. Calculate q(-2).
-6
Let l(n) = -n**2 + 28*n + 37. Calculate l(28).
37
Let k(w) = -60*w + 1247. Give k(21).
-13
Let v(n) = n**2 + 16*n + 4. Calculate v(-16).
4
Let j(w) = w**2 + 3*w + 5. Give j(5).
45
Let y(i) = -3*i - 10. What is y(-6)?
8
Let f(g) = -42*g**3 - g**2 - 2*g - 2. Calculate f(-1).
41
Let i(p) = 5*p**2 - 24*p. What is i(5)?
5
Let k(n) = n**3 - 10*n - 3. Calculate k(-3).
0
Let c(m) = -5*m**2 - m - 9. What is c(3)?
-57
Let q(j) = j**3 - 16*j**2 + 30. Give q(16).
30
Let n(w) = -w**2 - 3*w - 1. Calculate n(-2).
1
Let u(s) = -4*s + 30. Calculate u(4).
14
Let w(n) = n**3 - 4*n - 7. Determine w(0).
-7
Let v(o) = -13*o**2 + 30*o - 4. Give v(3).
-31
Let a(o) = 28*o**2 + 23*o + 2. What is a(-1)?
7
Let c(n) = n**2 - 2*n - 58. Determine c(-6).
-10
Let r(u) = -3*u + 24. What is r(19)?
-33
Let y(z) = z**3 - 3*z**2 - 3*z - 5. What is y(4)?
-1
Let z(h) = 3*h. Calculate z(0).
0
Let j(u) = 9*u**3 - 2*u**2 + 20*u - 19. What is j(1)?
8
Let w(s) = 2*s**3 + 34*s**2 + 31*s + 36. Give w(-16).
52
Let i(u) = -u - 8. Determine i(-11).
3
Let o(p) = 2*p**2 - 6*p + 3. Give o(4).
11
Let k(h) = -h + 8. Give k(2).
6
Let v(z) = 2*z**3 + 2*z**2 + z + 15. Determine v(0).
15
Let i(y) = -y**2 + 35*y - 105. Calculate i(32).
-9
Let x(n) = -9*n**3 + n**2 - 2*n - 3. Calculate x(-2).
77
Let w(k) = -27*k - 106. Calculate w(-4).
2
Let h(p) = -3*p - 12. Determine h(-10).
18
Let l(r) = -2*r**2 + 27*r - 15. Give l(13).
-2
Let f(t) = t**3 - 10*t**2 + 15*t + 31. Determine f(9).
85
Let o(h) = 2*h**3 + 31*h**2 - 20*h - 36. Determine o(-16).
28
Let i(q) = 5*q - 7. Give i(3).
8
Let b(v) = -7*v + 6. What is b(3)?
-15
Let g(y) = y - 20. Determine g(24).
4
Let y(f) = 11*f. Determine y(-9).
-99
Let o(h) = -h**2 - 3*h + 3. What is o(-5)?
-7
Let m(q) = -q**3 + 11*q**2 - 12*q - 12. What is m(9)?
42
Let x(l) = -3*l + 18. What is x(6)?
0
Let o(t) = 2*t + 32. What is o(-18)?
-4
Let z(y) = -y**3 - 10*y**2 + 8*y - 15. Calculate z(-11).
18
Let o(h) = 3*h**3 + 65*h**2 - 21*h + 23. Give o(-22).
1
Let f(w) = -w + 2. Calculate f(-9).
11
Let q(o) = 3*o**3 + o**2 - 7*o + 13. Determine q(2).
27
Let t(h) = -2*h - 10. Calculate t(2).
-14
Let b(g) = 2*g + 12. Calculate b(21).
54
Let z(g) = 2*g**2 - 9*g - 2. Give z(5).
3
Let r(i) = -5*i - 4. What is r(-2)?
6
Let z(i) = -3*i + 9. What is z(-10)?
39
Let b(f) = f**3 - 6*f**2 - 13*f + 7. Give b(8).
31
Let j(l) = -l**2 + 6*l - 10. Give j(4).
-2
Let t(d) = -2*d**2 + 8*d - 7. Calculate t(2).
1
Let t(r) = -r**2 - 17*r - 32. What is t(-9)?
40
Let d(q) = q**2 - 28*q + 45. Determine d(26).
-7
Let l(s) = s**2 - 13*s + 31. Determine l(9).
-5
Let x(p) = -p**2 + 2*p + 30. What is x(-5)?
-5
Let t(u) = 12*u**3 + u. Determine t(1).
13
Let i(a) = -5*a**2 + 32*a + 19. What is i(6)?
31
Let h(q) = q + 2. Give h(8).
10
Let b(q) = -3*q**2 - 46*q + 21. Calculate b(-16).
-11
Let f(g) = -2*g**3 - 17*g**2 - 36*g - 11. What is f(-5)?
-6
Let u(s) = s**3 - s**2 - 4. Determine u(-2).
-16
Let c(x) = 3*x + 19. Give c(-12).
-17
Let c(z) = -2*z + 1. Calculate c(-2).
5
Let h(j) = j - 3. Give h(5).
2
Let v(d) = d + 12. What is v(4)?
16
Let h(y) = 2*y**2 - 17*y - 38. Calculate h(-2).
4
Let z(j) = -19*j - 1. What is z(1)?
-20
Let p(m) = m**3 - 15*m**2 + 26*m - 8. Give p(13).
-8
Let g(o) = -o**3 + 8*o**2 - 3*o - 11. Give g(5).
49
Let v(b) = b**2 - 20*b + 69. Calculate v(5).
-6
Let g(b) = b**2 + 20*b - 118. Give g(-25).
7
Let l(p) = -p**3 + 15*p**2 - 2*p + 25. Calculate l(15).
-5
Let t(p) = p**2 - p - 15. Calculate t(7).
27
Let x(s) = s**3 - 4*s**2 - 4*s + 3. Calculate x(4).
-13
Let z(t) = -2*t - 6. Determine z(3).
-12
Let k(m) = -m**3 - 6*m**2 + 6*m + 15. What is k(-6)?
-21
Let n(b) = b**3 + 8*b**2 + 6*b - 7. Determine n(-7).
0
Let n(k) = k + 8. Determine n(-12).
-4
Let d(y) = 4*y + 2. Give d(2).
10
Let d(m) = 9*m - 1